emainder when 5077 is divided by 317?
5
Calculate the remainder when 8765 is divided by 79.
75
What is the remainder when 720 is divided by 179?
4
What is the remainder when 1166 is divided by 16?
14
What is the remainder when 151 is divided by 51?
49
Calculate the remainder when 431 is divided by 21.
11
What is the remainder when 14250 is divided by 97?
88
Calculate the remainder when 216 is divided by 57.
45
What is the remainder when 725 is divided by 26?
23
What is the remainder when 30 is divided by 30?
0
What is the remainder when 128 is divided by 26?
24
What is the remainder when 1537 is divided by 40?
17
Calculate the remainder when 1592 is divided by 114.
110
What is the remainder when 1193 is divided by 26?
23
Calculate the remainder when 348 is divided by 52.
36
Calculate the remainder when 692 is divided by 167.
24
What is the remainder when 1467 is divided by 113?
111
What is the remainder when 39 is divided by 32?
7
Calculate the remainder when 45 is divided by 24.
21
What is the remainder when 25985 is divided by 10?
5
What is the remainder when 115 is divided by 58?
57
What is the remainder when 234 is divided by 47?
46
Calculate the remainder when 241 is divided by 41.
36
What is the remainder when 211 is divided by 14?
1
What is the remainder when 409 is divided by 29?
3
Calculate the remainder when 103 is divided by 4.
3
What is the remainder when 950 is divided by 34?
32
Calculate the remainder when 479 is divided by 472.
7
Calculate the remainder when 808 is divided by 90.
88
Calculate the remainder when 2533 is divided by 33.
25
Calculate the remainder when 428 is divided by 169.
90
Calculate the remainder when 4183 is divided by 73.
22
What is the remainder when 507 is divided by 14?
3
Calculate the remainder when 33 is divided by 2.
1
What is the remainder when 1011 is divided by 41?
27
What is the remainder when 5493 is divided by 67?
66
What is the remainder when 157 is divided by 81?
76
Calculate the remainder when 3685 is divided by 24.
13
What is the remainder when 11365 is divided by 56?
53
What is the remainder when 86 is divided by 44?
42
Calculate the remainder when 754 is divided by 130.
104
Calculate the remainder when 1102 is divided by 323.
133
Calculate the remainder when 89 is divided by 18.
17
Calculate the remainder when 2039 is divided by 335.
29
What is the remainder when 897 is divided by 299?
0
What is the remainder when 29131 is divided by 351?
349
Calculate the remainder when 2588 is divided by 74.
72
Calculate the remainder when 60 is divided by 14.
4
What is the remainder when 104 is divided by 95?
9
Calculate the remainder when 16377 is divided by 21.
18
What is the remainder when 300 is divided by 19?
15
What is the remainder when 34 is divided by 18?
16
Calculate the remainder when 5934 is divided by 212.
210
What is the remainder when 896 is divided by 60?
56
Calculate the remainder when 4023 is divided by 69.
21
Calculate the remainder when 624 is divided by 48.
0
Calculate the remainder when 494 is divided by 99.
98
Calculate the remainder when 23 is divided by 10.
3
What is the remainder when 223 is divided by 96?
31
Calculate the remainder when 122 is divided by 11.
1
What is the remainder when 529 is divided by 69?
46
What is the remainder when 22 is divided by 16?
6
What is the remainder when 577 is divided by 17?
16
Calculate the remainder when 228 is divided by 27.
12
Calculate the remainder when 13394 is divided by 47.
46
Calculate the remainder when 49 is divided by 26.
23
What is the remainder when 1065 is divided by 149?
22
What is the remainder when 1275 is divided by 1251?
24
What is the remainder when 122 is divided by 37?
11
Calculate the remainder when 464 is divided by 96.
80
What is the remainder when 1244 is divided by 8?
4
What is the remainder when 602 is divided by 294?
14
What is the remainder when 1147 is divided by 96?
91
Calculate the remainder when 65 is divided by 25.
15
Calculate the remainder when 587 is divided by 124.
91
Calculate the remainder when 539 is divided by 65.
19
Calculate the remainder when 205 is divided by 24.
13
What is the remainder when 53 is divided by 48?
5
Calculate the remainder when 7753 is divided by 10.
3
Calculate the remainder when 575 is divided by 34.
31
Calculate the remainder when 259 is divided by 25.
9
What is the remainder when 3429 is divided by 46?
25
Calculate the remainder when 94 is divided by 91.
3
Calculate the remainder when 131 is divided by 39.
14
What is the remainder when 87 is divided by 44?
43
What is the remainder when 2337 is divided by 73?
1
Calculate the remainder when 291 is divided by 143.
5
Calculate the remainder when 151 is divided by 59.
33
Calculate the remainder when 83 is divided by 13.
5
What is the remainder when 96 is divided by 12?
0
What is the remainder when 417 is divided by 211?
206
What is the remainder when 122 is divided by 6?
2
What is the remainder when 154 is divided by 69?
16
Calculate the remainder when 3809 is divided by 103.
101
Calculate the remainder when 2268 is divided by 4.
0
Calculate the remainder when 876 is divided by 44.
40
What is the remainder when 77 is divided by 68?
9
Calculate the remainder when 80 is divided by 56.
24
Calculate the remainder when 1989 is divided by 24.
21
What is the remainder when 124 is divided by 69?
55
Calculate the remainder when 81 is divided by 24.
9
Calculate the remainder when 285 is divided by 26.
25
Calculate the remainder when 429 is divided by 134.
27
Calculate the remainder when 126 is divided by 22.
16
Calculate the remainder when 567 is divided by 44.
39
What is the remainder when 50 is divided by 46?
4
Calculate the remainder when 244 is divided by 60.
4
Calculate the remainder when 190 is divided by 40.
30
Calculate the remainder when 606 is divided by 59.
16
What is the remainder when 207 is divided by 187?
20
Calculate the remainder when 1819 is divided by 70.
69
Calculate the remainder when 8181 is divided by 5.
1
What is the remainder when 127 is divided by 34?
25
Calculate the remainder when 1121 is divided by 488.
145
Calculate the remainder when 19 is divided by 4.
3
What is the remainder when 1364 is divided by 341?
0
What is the remainder when 1296 is divided by 11?
9
What is the remainder when 104 is divided by 29?
17
What is the remainder when 970 is divided by 321?
7
What is the remainder when 128 is divided by 22?
18
Calculate the remainder when 562 is divided by 153.
103
Calculate the remainder when 292 is divided by 61.
48
Calculate the remainder when 1421 is divided by 4.
1
Calculate the remainder when 4024 is divided by 7.
6
What is the remainder when 256 is divided by 238?
18
What is the remainder when 111 is divided by 64?
47
Calculate the remainder when 5288 is divided by 11.
8
What is the remainder when 163 is divided by 143?
20
What is the remainder when 105 is divided by 68?
37
What is the remainder when 8951 is divided by 199?
195
Calculate the remainder when 1538 is divided by 154.
152
Calculate the remainder when 27 is divided by 23.
4
What is the remainder when 697 is divided by 100?
97
Calculate the remainder when 6861 is divided by 16.
13
What is the remainder when 96 is divided by 50?
46
Calculate the remainder when 5542 is divided by 88.
86
What is the remainder when 91 is divided by 86?
5
What is the remainder when 2879 is divided by 11?
8
What is the remainder when 1122 is divided by 25?
22
What is the remainder when 457 is divided by 147?
16
What is the remainder when 280 is divided by 2?
0
Calculate the remainder when 770 is divided by 21.
14
What is the remainder when 268 is divided by 104?
60
What is the remainder when 45 is divided by 16?
13
What is the remainder when 195 is divided by 31?
9
What is the remainder when 116 is divided by 59?
57
What is the remainder when 8767 is divided by 214?
207
What is the remainder when 123 is divided by 59?
5
What is the remainder when 13137 is divided by 180?
177
Calculate the remainder when 300 is divided by 75.
0
What is the remainder when 3440 is divided by 346?
326
What is the remainder when 547 is divided by 25?
22
Calculate the remainder when 4370 is divided by 27.
23
Calculate the remainder when 102 is divided by 29.
15
What is the remainder w